{"id":18,"date":"2024-02-15T11:06:31","date_gmt":"2024-02-15T11:06:31","guid":{"rendered":"https:\/\/www.avisto.net\/?page_id=18"},"modified":"2024-09-20T09:55:00","modified_gmt":"2024-09-20T09:55:00","slug":"startseite","status":"publish","type":"page","link":"https:\/\/www.avisto.net\/","title":{"rendered":"Startseite"},"content":{"rendered":"\t\t<div data-elementor-type=\"wp-page\" data-elementor-id=\"18\" class=\"elementor elementor-18\">\n\t\t\t\t<div class=\"elementor-element elementor-element-9de8dba e-flex e-con-boxed e-con e-parent\" data-id=\"9de8dba\" data-element_type=\"container\" data-e-type=\"container\">\n\t\t\t\t\t<div class=\"e-con-inner\">\n\t\t\t\t<div class=\"elementor-element elementor-element-0b44864 elementor-widget elementor-widget-heading\" data-id=\"0b44864\" data-element_type=\"widget\" data-e-type=\"widget\" data-widget_type=\"heading.default\">\n\t\t\t\t<div class=\"elementor-widget-container\">\n\t\t\t\t\t<h1 class=\"elementor-heading-title elementor-size-default\">AVISTO Immobilien GmbH<\/h1>\t\t\t\t<\/div>\n\t\t\t\t<\/div>\n\t\t\t\t\t<\/div>\n\t\t\t\t<\/div>\n\t\t<div class=\"elementor-element elementor-element-31653fb e-flex e-con-boxed e-con e-parent\" data-id=\"31653fb\" data-element_type=\"container\" data-e-type=\"container\">\n\t\t\t\t\t<div class=\"e-con-inner\">\n\t\t\t\t<div class=\"elementor-element elementor-element-89be154 elementor-widget elementor-widget-heading\" data-id=\"89be154\" data-element_type=\"widget\" data-e-type=\"widget\" data-widget_type=\"heading.default\">\n\t\t\t\t<div class=\"elementor-widget-container\">\n\t\t\t\t\t<h2 class=\"elementor-heading-title elementor-size-default\">Gewerbeimmobilie in Weidhausen<\/h2>\t\t\t\t<\/div>\n\t\t\t\t<\/div>\n\t\t\t\t\t<\/div>\n\t\t\t\t<\/div>\n\t\t<div class=\"elementor-element elementor-element-b36c139 e-flex e-con-boxed e-con e-parent\" data-id=\"b36c139\" data-element_type=\"container\" data-e-type=\"container\">\n\t\t\t\t\t<div class=\"e-con-inner\">\n\t\t<div class=\"elementor-element elementor-element-94736d3 e-con-full e-flex e-con e-child\" data-id=\"94736d3\" data-element_type=\"container\" data-e-type=\"container\">\n\t\t\t\t<div class=\"elementor-element elementor-element-2c97534 elementor-widget elementor-widget-image\" data-id=\"2c97534\" data-element_type=\"widget\" data-e-type=\"widget\" data-widget_type=\"image.default\">\n\t\t\t\t<div class=\"elementor-widget-container\">\n\t\t\t\t\t\t\t\t\t\t\t\t\t\t\t<img fetchpriority=\"high\" decoding=\"async\" width=\"1000\" height=\"750\" src=\"https:\/\/www.avisto.net\/wp-content\/uploads\/2024\/09\/weidhausen_1_web.jpg\" class=\"attachment-large size-large wp-image-66\" alt=\"\" srcset=\"https:\/\/www.avisto.net\/wp-content\/uploads\/2024\/09\/weidhausen_1_web.jpg 1000w, https:\/\/www.avisto.net\/wp-content\/uploads\/2024\/09\/weidhausen_1_web-300x225.jpg 300w, https:\/\/www.avisto.net\/wp-content\/uploads\/2024\/09\/weidhausen_1_web-768x576.jpg 768w\" sizes=\"(max-width: 1000px) 100vw, 1000px\" \/>\t\t\t\t\t\t\t\t\t\t\t\t\t\t\t<\/div>\n\t\t\t\t<\/div>\n\t\t\t\t<\/div>\n\t\t<div class=\"elementor-element elementor-element-314cac6 e-con-full e-flex e-con e-child\" data-id=\"314cac6\" data-element_type=\"container\" data-e-type=\"container\">\n\t\t\t\t<div class=\"elementor-element elementor-element-01b1e9d elementor-widget elementor-widget-image\" data-id=\"01b1e9d\" data-element_type=\"widget\" data-e-type=\"widget\" data-widget_type=\"image.default\">\n\t\t\t\t<div class=\"elementor-widget-container\">\n\t\t\t\t\t\t\t\t\t\t\t\t\t\t\t<img decoding=\"async\" width=\"1000\" height=\"750\" src=\"https:\/\/www.avisto.net\/wp-content\/uploads\/2024\/09\/weidhausen_2_web.jpg\" class=\"attachment-large size-large wp-image-67\" alt=\"\" srcset=\"https:\/\/www.avisto.net\/wp-content\/uploads\/2024\/09\/weidhausen_2_web.jpg 1000w, https:\/\/www.avisto.net\/wp-content\/uploads\/2024\/09\/weidhausen_2_web-300x225.jpg 300w, https:\/\/www.avisto.net\/wp-content\/uploads\/2024\/09\/weidhausen_2_web-768x576.jpg 768w\" sizes=\"(max-width: 1000px) 100vw, 1000px\" \/>\t\t\t\t\t\t\t\t\t\t\t\t\t\t\t<\/div>\n\t\t\t\t<\/div>\n\t\t\t\t<\/div>\n\t\t\t\t\t<\/div>\n\t\t\t\t<\/div>\n\t\t<div class=\"elementor-element elementor-element-2ee1be2 e-flex e-con-boxed e-con e-parent\" data-id=\"2ee1be2\" data-element_type=\"container\" data-e-type=\"container\">\n\t\t\t\t\t<div class=\"e-con-inner\">\n\t\t<div class=\"elementor-element elementor-element-819cf33 e-con-full e-flex e-con e-child\" data-id=\"819cf33\" data-element_type=\"container\" data-e-type=\"container\">\n\t\t\t\t<div class=\"elementor-element elementor-element-8146fe8 elementor-widget elementor-widget-image\" data-id=\"8146fe8\" data-element_type=\"widget\" data-e-type=\"widget\" data-widget_type=\"image.default\">\n\t\t\t\t<div class=\"elementor-widget-container\">\n\t\t\t\t\t\t\t\t\t\t\t\t\t\t\t<img decoding=\"async\" width=\"905\" height=\"1024\" src=\"https:\/\/www.avisto.net\/wp-content\/uploads\/2024\/02\/Avisto_img-hoch-1-905x1024.jpg\" class=\"attachment-large size-large wp-image-27\" alt=\"\" srcset=\"https:\/\/www.avisto.net\/wp-content\/uploads\/2024\/02\/Avisto_img-hoch-1-905x1024.jpg 905w, https:\/\/www.avisto.net\/wp-content\/uploads\/2024\/02\/Avisto_img-hoch-1-265x300.jpg 265w, https:\/\/www.avisto.net\/wp-content\/uploads\/2024\/02\/Avisto_img-hoch-1-768x869.jpg 768w, https:\/\/www.avisto.net\/wp-content\/uploads\/2024\/02\/Avisto_img-hoch-1.jpg 1060w\" sizes=\"(max-width: 905px) 100vw, 905px\" \/>\t\t\t\t\t\t\t\t\t\t\t\t\t\t\t<\/div>\n\t\t\t\t<\/div>\n\t\t\t\t<\/div>\n\t\t<div class=\"elementor-element elementor-element-c9494b4 e-con-full e-flex e-con e-child\" data-id=\"c9494b4\" data-element_type=\"container\" data-e-type=\"container\">\n\t\t<div class=\"elementor-element elementor-element-5082fd2 e-con-full e-flex e-con e-child\" data-id=\"5082fd2\" data-element_type=\"container\" data-e-type=\"container\">\n\t\t\t\t<div class=\"elementor-element elementor-element-6c3bcff elementor-widget elementor-widget-text-editor\" data-id=\"6c3bcff\" data-element_type=\"widget\" data-e-type=\"widget\" data-widget_type=\"text-editor.default\">\n\t\t\t\t<div class=\"elementor-widget-container\">\n\t\t\t\t\t\t\t\t\t<p>In Weidhausen bei Coburg im n\u00f6rdlichen Oberfranken bieten wir Ihnen ja nach Bed\u00fcrfnis die passenden Fl\u00e4chen von Lager -, Produktions &#8211; bis hin zu B\u00fcror\u00e4umen an.<br \/><br \/>Fragen Sie bei uns an.<br \/><a href=\"mailto:info@avisto.net\">info@avisto.net<\/a><\/p>\t\t\t\t\t\t\t\t<\/div>\n\t\t\t\t<\/div>\n\t\t\t\t<\/div>\n\t\t\t\t<\/div>\n\t\t\t\t\t<\/div>\n\t\t\t\t<\/div>\n\t\t\t\t<\/div>\n\t\t","protected":false},"excerpt":{"rendered":"<p>AVISTO Immobilien GmbH Gewerbeimmobilie in Weidhausen In Weidhausen bei Coburg im n\u00f6rdlichen Oberfranken bieten wir Ihnen ja nach Bed\u00fcrfnis die passenden Fl\u00e4chen von Lager -, Produktions &#8211; bis hin zu B\u00fcror\u00e4umen an. Fragen Sie bei uns an.info@avisto.net<\/p>\n","protected":false},"author":1,"featured_media":0,"parent":0,"menu_order":0,"comment_status":"closed","ping_status":"closed","template":"elementor_header_footer","meta":{"footnotes":""},"class_list":["post-18","page","type-page","status-publish","hentry","entry"],"_links":{"self":[{"href":"https:\/\/www.avisto.net\/index.php\/wp-json\/wp\/v2\/pages\/18","targetHints":{"allow":["GET"]}}],"collection":[{"href":"https:\/\/www.avisto.net\/index.php\/wp-json\/wp\/v2\/pages"}],"about":[{"href":"https:\/\/www.avisto.net\/index.php\/wp-json\/wp\/v2\/types\/page"}],"author":[{"embeddable":true,"href":"https:\/\/www.avisto.net\/index.php\/wp-json\/wp\/v2\/users\/1"}],"replies":[{"embeddable":true,"href":"https:\/\/www.avisto.net\/index.php\/wp-json\/wp\/v2\/comments?post=18"}],"version-history":[{"count":25,"href":"https:\/\/www.avisto.net\/index.php\/wp-json\/wp\/v2\/pages\/18\/revisions"}],"predecessor-version":[{"id":82,"href":"https:\/\/www.avisto.net\/index.php\/wp-json\/wp\/v2\/pages\/18\/revisions\/82"}],"wp:attachment":[{"href":"https:\/\/www.avisto.net\/index.php\/wp-json\/wp\/v2\/media?parent=18"}],"curies":[{"name":"wp","href":"https:\/\/api.w.org\/{rel}","templated":true}]}}